*s. Suppose -2*h - s*w + 55 = h, -3*h - 5*w = -56. What is the tens digit of h?
1
What is the hundreds digit of (7 - 20988/20)/(10/(-325)*1)?
8
Let g = -71265 + 119339. What is the thousands digit of g?
8
Let b = -2192 + 3618. What is the hundreds digit of b?
4
Let v be -5 + 1 + (-77)/(-11). Suppose v*x - 2*i = 581, 5*x - 2*i - 778 = x. Suppose x - 3 = 2*c. What is the tens digit of c?
9
Let z(w) = 5*w + 4*w - 1 - 50*w**2 + 53*w**2 - 5*w. Let p be z(-3). Suppose -140 = p*r - 966. What is the tens digit of r?
5
What is the hundreds digit of ((3 + -149)/2)/(28/(-112))?
2
Let v be 0 + (11126 - 6 - -4). Suppose 0 = -19*q - 3714 + v. What is the units digit of q?
0
Let t = 6200 - 3556. What is the hundreds digit of t?
6
Suppose 3*r - 14*r + 517 = 0. Suppose -r = h + 59. Let t = 194 + h. What is the tens digit of t?
8
Let g = -87 - -90. Let l be g/(-12)*10*(-32)/10. Suppose 0 = 2*f - l, 390 = 2*d + 2*f. What is the units digit of d?
1
Let f = 49 - 42. Suppose 16*j - 27 = f*j. Suppose 2*d = -3*v + 145, -j*v = v - 20. What is the tens digit of d?
6
Let i(u) = u**3 - 2*u**2 - 3*u + 1572. Let c be (-6)/9 - 26/(-39). What is the tens digit of i(c)?
7
Suppose -5*d + 342 = g, g = d - 43 - 29. Suppose d*n - 104 = 67*n. What is the units digit of n?
2
Let c(r) = r**3 + 6*r**2 + 7*r + 15. Let f be c(-5). Suppose 7*h = -f*h + 3360. What is the hundreds digit of h?
2
Let t(i) be the third derivative of 19*i**5/60 + i**4/12 + 2*i**3/3 - 52*i**2 - 1. Let m = 8 - 11. What is the hundreds digit of t(m)?
1
Let g(k) = 25*k - 12. Let x be g(2). Let u be (x/57)/(1/(-249)). Let r = -48 - u. What is the hundreds digit of r?
1
Suppose 82365*t = 82370*t - 128475. What is the ten thousands digit of t?
2
Let i = -260 - -623. Let o be (-2)/4 - i/(-2). Suppose 2*v - o = -41. What is the units digit of v?
0
Let d(i) = -6*i**3 - 60*i**2 - 22*i - 67. What is the units digit of d(-17)?
5
Let c = 47 + -47. Suppose v + 5*u - 702 = -c*v, 3*v = -3*u + 2082. What is the tens digit of v/28 - (-2)/7?
2
Let k = 880 - 833. Let z = 145 + -97. Let c = k + z. What is the tens digit of c?
9
Let m = -36 + 65. Let v = 4 - -20. Suppose m*k - v*k - 720 = 0. What is the units digit of k?
4
Let x be ((-196)/112)/(2 + (-867)/432). Suppose 785 = -251*o + x*o. What is the hundreds digit of o?
7
Suppose c = -5*t + 33854, 4*t - 14*c = -15*c + 27083. What is the units digit of t?
1
Let a(o) = -1668051*o. Let g(u) = -1827*u. Let m(w) = 2*a(w) - 1827*g(w). Let q(t) = -29*t. Let d(y) = 6*m(y) + 377*q(y). What is the units digit of d(3)?
7
Let r(x) = 56*x**2 + x. Suppose -2*c - q - 2*q = 14, 3*c + 4*q = -19. Let d be c + (-4)/4*-2. What is the units digit of r(d)?
7
Let a be 0*1/(-5)*(-35)/(-14). Suppose n + 3 - 185 = a. What is the hundreds digit of n?
1
Let u = 522 + -518. Suppose 0 = -4*p - 5*r + 1527, -p - 5*r = -u*r - 383. What is the units digit of p?
8
Suppose -48*q + 270 = -18*q. Let a(k) = 17*k**2 - 6*k. What is the tens digit of a(q)?
2
Let a = -629 + 835. Let i = -179 + a. What is the tens digit of i?
2
Suppose -r - 3 = -7, 2*l - 216 = -3*r. Let s = 174 + l. What is the tens digit of s?
7
Let m = -12731 + 55727. What is the ten thousands digit of m?
4
Let r(w) = -w**2 + 6*w + 9. Let b be r(7). Let m be ((-99)/11)/(b/(-62)). Suppose 2*u - m = -3*o, 0 = -2*o + 2*u - 0*u + 176. What is the units digit of o?
1
Let o = -3301 - -5072. Suppose 2*s = -2*m + 1200, -s + 39 + o = 3*m. What is the hundreds digit of m?
6
What is the hundreds digit of 6/(-2) + (17 + -160247)/(-15)?
6
Suppose -r - 2*a = -10, 2*r = 7*r + 4*a - 20. Suppose -3*g - i + 140 = r, -6*i + i = 20. What is the tens digit of g?
4
Let h = -286 + 1436. Suppose -h = -3*i + 977. What is the units digit of i?
9
Suppose -4*d - a + 138 + 114 = 0, -a - 260 = -4*d. What is the hundreds digit of (d/48)/(4/1359)?
4
Let b(j) = -869*j - 516. What is the tens digit of b(-28)?
1
Suppose -1730 = -64*i + 54*i. Let n = i + 46. What is the units digit of n?
9
Let z(g) = 86*g**2 - 90*g - 658. What is the tens digit of z(-7)?
8
Suppose -4*a - 4*u + 3*u = -593, 3*u = 4*a - 621. What is the hundreds digit of a?
1
Let g(y) = -179*y**3 + 2*y**2 + 3*y + 11. What is the units digit of g(-3)?
3
Let m be (-6)/(-9) + (-8)/12. Suppose m = y - 2. Suppose -5*r + 4*k - 3*k = -1408, -562 = -y*r + k. What is the units digit of r?
2
Let u(y) = -3*y - 5. Let g be u(-10). Suppose 5*h + 0*h = g. Suppose c - h*w = 70, -5*w = c - 8*w - 78. What is the tens digit of c?
9
Let f(x) = 5*x**2 - 30*x + 1. Let v be f(6). Let a(p) = 59*p**2 + 6*p. Let s(g) = -g**2 - g + 1. Let u(l) = v*a(l) + 2*s(l). What is the tens digit of u(-1)?
5
Let i(j) = 110*j - 79 + 37*j**2 - j**3 + 1 - 187*j + 99*j. What is the units digit of i(37)?
6
What is the tens digit of (-7964)/33*20925/(-180)?
5
What is the hundreds digit of ((-161)/(-14) + -12)*-46994?
4
Suppose 0*m - 5*f = m + 412, 0 = -5*m - 5*f - 1960. Let j be (-2 + -4 + 5)/(4/(-2272)). Let z = j + m. What is the hundreds digit of z?
1
Suppose -330*j = -3463146 - 23825214. What is the units digit of j?
2
Let k(z) = 36*z**2 + 15*z**2 - 11 - 8*z + 10*z + 67*z**2. What is the units digit of k(2)?
5
Suppose 4*i - 2*w = 9640, 3*i = 4*w + 3133 + 4097. What is the tens digit of i?
1
Let r(l) = 233*l + 27. Let x be (27/12)/(-9)*-12. What is the hundreds digit of r(x)?
7
Let q(n) = -1223*n + 776. What is the hundreds digit of q(-7)?
3
Let j = 33 - 47. What is the units digit of (-1174)/j + 234/(-273)?
3
Let x be -2*((-91)/(-14))/13 - -95. Let q be 10/3 - (-2)/3. Suppose 217 = q*a - 3*m, -3*a - 2*m + x + 73 = 0. What is the tens digit of a?
5
Suppose 34 = -9*t + 52. Suppose w + 2*l - 523 = -t*l, 2*w - 5*l - 1059 = 0. What is the hundreds digit of w?
5
Suppose 17*q - 15*q + 2*m - 28 = 0, 2*q = m + 34. Suppose -5*g - 2*s + 1656 + 1446 = 0, 0 = 4*s + q. What is the tens digit of g?
2
Suppose -41*k + 44*k - 21 = 0. Suppose 0 = -3*u + 5 + k. Suppose -w - u*w + 465 = 0. What is the tens digit of w?
9
Let w(t) = -2*t**3 + 8*t**2 - t + 6822. What is the tens digit of w(0)?
2
Suppose -5*p - 2*d - 2*d = -38, 2*d - 34 = -4*p. Let k be (16/p)/((-10)/(-325)). What is the tens digit of k - (-3)/(-1 - -4)?
5
Let t = 28249 - 18953. What is the units digit of t?
6
Suppose 0 = -3*g - 5*w + 72797, 5*w + 121347 = 5*g + 4*w. What is the tens digit of g?
6
Suppose 4*o = 6 - 46. Let l = o - -15. Suppose 6 = d - l. What is the tens digit of d?
1
Let d(c) = -11*c + 49. Let s be d(4). Suppose -12*k = s*k - 3026. What is the tens digit of k?
7
Let w(p) be the second derivative of p**4/12 - p**3/3 - 2*p**2 - 80*p. What is the tens digit of w(-6)?
4
Let m(f) = 4*f**2 + 5*f - 19. Let a = 1 - -7. Suppose 2*r = 2, a + 1 = -b + 3*r. What is the units digit of m(b)?
5
Let j = -3572 - -6580. What is the units digit of j?
8
Suppose 2*v - 520 = -c + 587, 2*v = 5*c - 5571. What is the units digit of c?
3
Suppose o + 1 = -2*f + 23, 5*f = o + 55. Let g(c) = -5*c - 6. Let u(p) = -26*p - 30. Let i(d) = f*g(d) - 2*u(d). What is the units digit of i(-3)?
3
Suppose -4*j = 2*s - 2300 - 18, -3*j + 1743 = -3*s. What is the tens digit of j?
8
Suppose -r - w - 5 = 0, -2*w = -5*r + w - 33. Let n be 1 - -3 - (-150 - r). Suppose 3*x = k - 6*k + 116, -5*k + n = 4*x. What is the tens digit of x?
3
Let q(f) = f**2 - 29*f + 123. Let y be q(24). What is the units digit of -59*y*14/(-3)?
6
Let v(t) = 3*t**2 + 33*t - 168. Let f be v(-28). Suppose -31*y + 28*y = -f. What is the hundreds digit of y?
4
Let v(j) = 1. Let g(b) = -2*b - 2. Let f(t) = -g(t) - v(t). Let k be f(1). Suppose 125 + 175 = k*l. What is the hundreds digit of l?
1
Let r be 1*((-50 - 1) + 1). Let m = 50 + r. What is the tens digit of m + (-1 - (-1)/((-1)/(-25)))?
2
Let i be 15/(-18)*-20*6/4. Suppose 5*n + 52 = 3*v, 3*v - i = 3*n + 29. What is the tens digit of v?
1
Let o = 28875 - 16815. What is the hundreds digit of o?
0
Let v(n) = 2*n + 1. Let g(i) = -109*i + 36. Let q(o) = -g(o) + 6*v(o). What is the tens digit of q(7)?
1
Suppose -15576*h = -15556*h - 153350 - 220990. What is the units digit of h?
7
Suppose -5*w - 3*g = -10, 0 = 3*w + 3*g - 1 - 5. Suppose -258 = -w*z + z - 4*c, 0 = 5*z - c - 1311. Suppose 1159 + z = 7*t. What is the tens digit of t?
0
Suppose 49*k + 971 = i + 48*k, 5*i + 7*k = 4903. What is the units digit of i?
5
Let v(r) = -1